hat is -12 + (-103 - -111) + 0 + 28?
24
Evaluate 25 + -3 + 0 + (21 - 17 - 13).
13
What is -5 - (2 + -6 - (6 - 4 - -5))?
6
Calculate -25 - -1 - (423 - 436).
-11
Calculate -32 + (32 - -11 - -16).
27
Calculate (2 - -1 - 3) + (-26 + 13 - -25).
12
Evaluate -6 + 7 + -2 + 2 + (9 - 9).
1
What is the value of (22 - 23) + 11 - (-3 - (1 - 24))?
-10
What is the value of 3 + -4 + -4 - (-4 + 11 + -13)?
1
0 - (0 + 0) - (-9 - -5 - 1)
5
What is the value of 61 + -59 - (-7 + 0 + -4)?
13
What is (27 - 11) + -3 - 0?
13
(-5 - -6) + 8 + -17 + -2
-10
Evaluate 8 - -1 - (-22 + 29) - -1.
3
Calculate -5 + 34 - (99 - 50).
-20
-8 - (-9 + (6 - 5)) - (1 + 10)
-11
Evaluate -7 - (4 + -1 + -5).
-5
What is 4 - (33 - (-6 + (-5 - -27) + -10))?
-23
What is 13 + (-3 - -10) + 7 + -11 + -3?
13
What is -25 - ((-7 - (0 + 3)) + (14 - -6))?
-35
What is the value of (14 - -1) + -32 + 22?
5
Calculate 13 + -1 - 18 - (-14 - 1).
9
Calculate -20 - (-18 - -32 - 16).
-18
What is the value of 27 + (-26 - 13) + 6?
-6
(31 - -6) + -77 - -31
-9
-1 + 0 + 1 + 554 + -555
-1
Calculate -18 - (-3 - (9 + -10)) - -31.
15
Calculate 5 + -1 + 4 + (19 - 11) + -24.
-8
-6 - ((-15 - -28) + -32)
13
Calculate 29 - (-31 - -44 - -18).
-2
What is the value of -9 + -1 + (13 - (-16 + 28))?
-9
Calculate (-3 - (-14 - 19)) + -9.
21
What is the value of (-16 - -8) + 3 - (13 - (6 - 13))?
-25
7 + 6 + -20 + 2
-5
Calculate -3 + (-332 - -386 - (16 + 0)).
35
Calculate 21 + -11 + (27 - 45).
-8
Evaluate 3 + (-4 - (-6 + -18 - -1)).
22
Calculate -20 + 64 - (22 - -1).
21
Evaluate -8 - (-28 + -3 + -17 + 27).
13
Evaluate 8 + -3 + (2 - 19 - -26).
14
What is the value of 0 + 8 + -10 + -7 + 30?
21
Evaluate 2 + 4 - (215 - 168).
-41
What is the value of (49 - (9 - 4 - -9)) + -13?
22
What is the value of 1 + (-29 + 36 - 15)?
-7
Calculate 7 - -7 - ((-14 - -24) + 18).
-14
Calculate 7 + 0 + (-78 - -74).
3
What is 1 + -7 - (188 + -197)?
3
Calculate -5 + (2 + 21 - 14).
4
What is the value of 7 + (-2 - 4) + -5?
-4
What is -11 - -12 - (5 - 7 - (3 - 9))?
-3
Calculate (-10 - (12 - 24)) + -15.
-13
Calculate (-15 - (27 - 35)) + -19.
-26
Calculate -23 + (11 - (11 - -5 - 13)).
-15
Calculate -9 + 7 + 13 - 22 - (-8 - 1).
-2
2 + 8 + 0 - (1 - 2)
11
What is (-112 - -152) + (-18 - -4 - 0)?
26
What is 1 - 7 - (-4 + 5 + -3) - -23?
19
Calculate (-2 - 3 - -14) + (-51 - -32).
-10
(-118 - -111) + (2 - -39) - 3
31
Calculate -9 + 0 + 0 - (-2842 + 2840).
-7
-13 - (-6 + 4) - (19 - 29)
-1
(-7 - -15 - 8) + 20 + (5 - 8)
17
Calculate 72 + (-1 - 87) + (1 - -22).
7
What is (6 - (-3 - -14)) + 3 + 14?
12
What is the value of 7 - ((1 - (-11 - -25)) + 16)?
4
What is the value of 21 - (36 - 17) - -33?
35
Evaluate 6 + -7 - -9 - (-10 - -22).
-4
Calculate (65 - 111) + (-3 - 0 - -11).
-38
Evaluate (1 - (3 + -4)) + -8 + -5.
-11
Evaluate -21 - (-8 - (1 - (-6 - -5))).
-11
Calculate -2 + 7 + 196 + -186.
15
Evaluate 4 - (9 + (1 - 1) - -3).
-8
What is the value of -7 + -5 + -2 + 58 + -53?
-9
Calculate -3 - ((22 - 9) + -24 + 11).
-3
What is 6 - ((124 - 102) + 3 + -2 + 0)?
-17
-5 - (-11 - (-5 + 10))
11
What is -12 - (-7 + (13 - (8 - 10)))?
-20
Calculate (7 + -19 - 3) + 12.
-3
(-14 - -8) + -9 + 3
-12
(7 - 0) + -44 + 4 + 4 + 0
-29
What is the value of (64 - 40) + -20 - 25?
-21
What is (17 - (-17 - -51)) + 12?
-5
-3 - -8 - 2 - (6 - (2 + -11))
-12
What is -810 + 805 + (-14 - (0 + -2))?
-17
Calculate 22 - (-13 + -31 + 30).
36
What is the value of (13 - 0) + -31 + 35 - (-3 - -6)?
14
Evaluate 3 + -2 + 13 - (8 + 8 + -18).
16
What is the value of -23 - -64 - (-24 + 58)?
7
Evaluate -9 + (-34 - -4) + 12.
-27
What is the value of -7 + 1 + (25 - 0) + -8?
11
Calculate (-6 - -4) + 0 - (8 - 12).
2
What is -11 + (-6 - (-7 - 1)) - -6?
-3
-4 - (-18 + 12) - 0
2
Calculate 31 + -33 + (-4 - -13).
7
Evaluate -32 - ((-5 - 1) + -16).
-10
What is the value of -7 - (0 + -27 - (5 + -3 - 9))?
13
Calculate -185 + 188 - (-1 - 23).
27
Calculate (84 - 88) + -21 + 1.
-24
What is -3 + 6 + -2 + (-4 - -6) + -2?
1
-379 - -370 - ((0 - 8) + 0)
-1
Evaluate (-4 + 4 - 4) + -2 - 0.
-6
Evaluate -36 + 4 + (-22 - -39).
-15
What is the value of (-6 - (4 - 16)) + (1 - (-2 - -4))?
5
Evaluate -3 - (-12 + 15) - ((-1 - -2) + 1).
-8
-19 + (3 - -2) + 25
11
(4 - 2 - -1) + (-19 - (-38 + 24))
-2
What is 4 - -1 - (8 + 2 + -15 + 19)?
-9
48 + -27 - (25 - 9)
5
(-2 + 0 - -2) + 190 + -182 + -26
-18
What is the value of -10 + 1 + 2 - (-39 - (-45 - -31))?
18
What is the value of 2 + (-10 - -4) + 0?
-4
Calculate (2 - 3 - (-9 + 6)) + 1 + -8.
-5
Calculate 1 + 3 + -197 + 194 + -13.
-12
What is the value of 12 + (-13 - -3) + -9?
-7
What is the value of -1 + 0 + 1 + -2 + 10 + -3?
5
What is (3 - -7) + -33 + 0 + 0 + 2?
-21
What is the value of 14 - (-7 - 17) - 19?
19
What is the value of 8 - ((-16 + 10 - 2) + 4)?
12
2 + 4 - ((-14 - -18) + 4)
-2
Evaluate 0 + (-4 - (2 + 2)) - 8 - 4.
-20
Calculate 20 + -13 + (14 - 11) + 4 + 1.
15
What is -3 + (0 - 4) + 2 + -1 + 16?
10
6 + 0 + 0 + (42 - (6 - -38))
4
13 + (-25 - (10 - 9))
-13
What is 41 + (-6 - 3) + -4 + (-8 - -13)?
33
What is (-2 - (10 + 0)) + 16?
4
Evaluate 0 + (4 - 1) + (20 + -8 - 4).
11
Calculate -7 - -5 - ((-2 - -4) + (1 - -11)).
-16
Calculate 29 + -16 + (-12 - (-10 - 15)).
26
(11 - 6) + 15 + -1 + (-7 - -3)
15
Evaluate -11 + (8 - 19 - (-1 + 6)).
-27
Evaluate 0 - (0 - (-3 - 7)) - 1.
-11
What is (-16 - 1 - -2) + 2 + -3 + 8?
-8
Calculate 13 - (7 + 9 + 14) - 14.
-31
What is the value of -1254 + 1250 + (9 - (1 - 1))?
5
What is the value of 27 - (48 + 8) - 7?
-36
What is the value of 28 - (8 + (10 - -5))?
5
(-16 - -5) + 32 + -5 + -3
13
Evaluate (-23 + 12 - -7) + -4.
-8
Evaluate -4 + 13 - (-4 + -1).
14
Calculate 0 + 0 - -17 - (-127 + 132).
12
What is -12 + 3 - -4 - (1 + 2 - 16)?
8
5 + 5 + -26 + -8 + 6
-18
Calculate 3 - (1 - 4) - (14 + -19 + 10).
1
What is 2 + (-10 - (-7 + (6 - 4))) + -18?
-21
What is the value of (-27 - 4) + (8 - (-4 + (1 - -2)))?
-22
What is (1 + -3 - 4) + (-4 - -8) + -1?
-3
31 + -38 + -7 + 23
9
Calculate -18 + 7 + (-16 - -1) + 11.
-15
Evaluate 0 - -4 - -44 - 21.
27
Calculate -65 + 69 + (-9 + 4 - (-3 + 8)).
-6
What is 27 + -2 + (7 + 1 - (-87 - -90))?
30
What is the value of -19 + 11 + 10 + -12?
-10
Calculate 2 + (16 - 7) + (3 - 4) + -3.
7
(5 + -12 - -7) + 5 + 6
11
What is (2 - -3) + (-2 - 11) - 13?
-21
-28 + 0 + 2 + 79 + -143 + 69
-21
(5 - -3) + -14 + (6 - -3 - 3)
0
What is the value of 9 + (11 - -2) + -5?
17
(5 + -12 + 2 - (0 - -7)) + 7
-5
Calculate -16 + 19 + -8 + 9.
4
What is the value of -34 - -24 - (-2 - 2 - 0)?
-6
Calculate -26 + (0 + -2 + (-12 - -26) - 3).
-17
Evaluate -3 + (-1 + 2 - -2) - (0 - 3).
3
-3 + 9 + -14 - (-1 + (0 - 24))
17
Evaluate 13 - -20 - (-20 - -23).
30
What is 70 + -6 + 21 - 44?
41
What is the value of 42 + -4 - (6 + 14)?
18
-22 - 21 - -13 - -44
14
What is the value of -11 + 6 + -3 + -1 + 32 - 8?
15
Calculate -8 - (2 - -6 - (28 - 1)).
11
(-3 - 2) + 18 + 2 + -33
-18
Evaluate 49 + -61 - (2 + -11).
-3
(-6 - -7) + -4 - (-3 - -3 - -7)
-10
Calculate 3 - ((6 - 1) + -2 - (39 + -29)).
10
Evaluate -11 + 23 - (-26 - -30).
8
What is -3 + 10 + (12 - 16) - (-3 - 2)?
8
What is 30 - 8 - 7 - (8 + 0)?
7
What is the value of -50 - -42 - (5 + -1 - -1)?
-13
9 - 13 - (-8 - (2 + -9))
-3
What is the value of 5 + 0 + (-22 - -2) + (4 - 3)?
-14
What is the value of (-1 + -10 + -1 - -17) + 14?
19
What is the value of (5 - 1) + ((-21 - -6) + 5 - -4)?
-2
Calculate 15 - 0 - (22 + -53 - -44).
2
Evaluate (3 + -13 - 0) + (-15 - -1) + 6.
-18
Evaluate -17 - (-10 + -17 + 2).
8
Evaluate 35 + -10 + -26 + -17.
-18
Evaluate -8 + (-2 + -2 - 15).
-27
What is the value of -19 + (8 - (3 + -18 + 6 - -19))?
-21
Calculate -14 + 74 + -58 + (13 - -1 - -1).
17
Evaluate -8 + 7 + 4 - 5.
-2
Evaluate 0 + 4 + -10 + 13 - 9.
-2
Calculate 5 + -7 + (-11 - (0 - 11)).
-2
What is 7 + -14 + -3 + 0 + -4?
-14
What is 25 + 25 - 39 - (-8 - (0 - 2))?
17
Calculate -14 + 5 - (-17 + 8).
0
What is the value of -29 + (-31 - -59) + 0 + (1 - -9)?
9
Calculate -15 - -21 - (7 + -10 + 10).
-1
Evaluate (-21 - -26) + 7 + -5.
7
What is 6 + 20 - (12 - 1)?
15
12 + (-17 - -23) + 2
20
Calculate (-2 + 5 - 11) + -1 + (7 - 14).
-16
755 - 740 - (20 + (4 - 2))
-7
(-2 - -8) + (1 + -7 + 1 - 2)
-1
What is (-8 - -20) + 9 - 32?
-11
Calculate 7 - ((4 - 6) + -6 + (10 - 0)).
5
Calculate 26 + (0 - 12) + 6 - 9.
11
Evaluate -3 - (-1 + 1) - (-21 - (-2 - 13)).
3
Calculate -5 + (2 - 